 of 9129?
3, 17, 179
What are the prime factors of 99459?
3, 43, 257
List the prime factors of 23794.
2, 11897
List the prime factors of 657.
3, 73
List the prime factors of 9920.
2, 5, 31
What are the prime factors of 888?
2, 3, 37
What are the prime factors of 1536?
2, 3
List the prime factors of 76121.
163, 467
List the prime factors of 6994.
2, 13, 269
What are the prime factors of 3650?
2, 5, 73
What are the prime factors of 727?
727
What are the prime factors of 581?
7, 83
What are the prime factors of 15234?
2, 3, 2539
List the prime factors of 26049.
3, 19, 457
What are the prime factors of 2227?
17, 131
What are the prime factors of 3043?
17, 179
What are the prime factors of 26935?
5, 5387
List the prime factors of 28469.
7, 83
List the prime factors of 6204.
2, 3, 11, 47
List the prime factors of 10687.
10687
What are the prime factors of 33229?
7, 47, 101
List the prime factors of 3793.
3793
List the prime factors of 90626.
2, 113, 401
What are the prime factors of 10486?
2, 7, 107
What are the prime factors of 174?
2, 3, 29
What are the prime factors of 1357?
23, 59
List the prime factors of 1234.
2, 617
List the prime factors of 6530.
2, 5, 653
What are the prime factors of 144542?
2, 72271
List the prime factors of 2452.
2, 613
List the prime factors of 337.
337
What are the prime factors of 30584?
2, 3823
List the prime factors of 248.
2, 31
List the prime factors of 6490.
2, 5, 11, 59
What are the prime factors of 21341?
21341
List the prime factors of 312.
2, 3, 13
List the prime factors of 45784.
2, 59, 97
List the prime factors of 72640.
2, 5, 227
List the prime factors of 23637.
3, 7879
What are the prime factors of 3736?
2, 467
List the prime factors of 6003.
3, 23, 29
List the prime factors of 47.
47
What are the prime factors of 4992?
2, 3, 13
What are the prime factors of 4148?
2, 17, 61
List the prime factors of 1504.
2, 47
What are the prime factors of 21306?
2, 3, 53, 67
What are the prime factors of 1662?
2, 3, 277
What are the prime factors of 56084?
2, 7, 2003
What are the prime factors of 1635?
3, 5, 109
What are the prime factors of 1671?
3, 557
What are the prime factors of 13401?
3, 1489
What are the prime factors of 32889?
3, 19, 577
What are the prime factors of 1923?
3, 641
List the prime factors of 108724.
2, 7, 11, 353
List the prime factors of 708.
2, 3, 59
List the prime factors of 3450.
2, 3, 5, 23
What are the prime factors of 1212?
2, 3, 101
What are the prime factors of 4594?
2, 2297
List the prime factors of 25768.
2, 3221
What are the prime factors of 36920?
2, 5, 13, 71
What are the prime factors of 891?
3, 11
List the prime factors of 11832.
2, 3, 17, 29
What are the prime factors of 24402?
2, 3, 7, 83
What are the prime factors of 14419?
14419
List the prime factors of 888.
2, 3, 37
What are the prime factors of 5621?
7, 11, 73
List the prime factors of 51091.
19, 2689
What are the prime factors of 9713?
11, 883
List the prime factors of 2673.
3, 11
List the prime factors of 122606.
2, 11, 5573
What are the prime factors of 76?
2, 19
List the prime factors of 7071.
3, 2357
List the prime factors of 82.
2, 41
List the prime factors of 10533.
3, 3511
What are the prime factors of 24870?
2, 3, 5, 829
List the prime factors of 176181.
3, 58727
List the prime factors of 2821.
7, 13, 31
List the prime factors of 57048.
2, 3, 2377
What are the prime factors of 111576?
2, 3, 4649
What are the prime factors of 15139?
15139
What are the prime factors of 4059?
3, 11, 41
What are the prime factors of 2266?
2, 11, 103
What are the prime factors of 2086?
2, 7, 149
What are the prime factors of 5329?
73
List the prime factors of 87886.
2, 43943
List the prime factors of 202.
2, 101
What are the prime factors of 878?
2, 439
List the prime factors of 16064.
2, 251
What are the prime factors of 124615?
5, 24923
What are the prime factors of 2648?
2, 331
What are the prime factors of 657?
3, 73
What are the prime factors of 2230?
2, 5, 223
List the prime factors of 1536.
2, 3
What are the prime factors of 1369?
37
What are the prime factors of 713?
23, 31
What are the prime factors of 26136?
2, 3, 11
What are the prime factors of 3601?
13, 277
List the prime factors of 1680.
2, 3, 5, 7
List the prime factors of 179913.
3, 59971
What are the prime factors of 469?
7, 67
What are the prime factors of 13252?
2, 3313
What are the prime factors of 2671?
2671
List the prime factors of 101.
101
What are the prime factors of 74141?
151, 491
What are the prime factors of 563?
563
List the prime factors of 7374.
2, 3, 1229
What are the prime factors of 100763?
13, 23, 337
What are the prime factors of 1991?
11, 181
List the prime factors of 244.
2, 61
List the prime factors of 472.
2, 59
What are the prime factors of 1344?
2, 3, 7
What are the prime factors of 1513?
17, 89
What are the prime factors of 13693?
13693
What are the prime factors of 1639?
11, 149
List the prime factors of 1778.
2, 7, 127
List the prime factors of 23928.
2, 3, 997
List the prime factors of 2664.
2, 3, 37
List the prime factors of 104829.
3, 83, 421
List the prime factors of 13833.
3, 29, 53
List the prime factors of 74844.
2, 3, 7, 11
What are the prime factors of 735?
3, 5, 7
What are the prime factors of 828?
2, 3, 23
What are the prime factors of 124?
2, 31
List the prime factors of 9348.
2, 3, 19, 41
List the prime factors of 2201.
31, 71
List the prime factors of 26322.
2, 3, 41, 107
List the prime factors of 27696.
2, 3, 577
List the prime factors of 13913.
13913
List the prime factors of 14949.
3, 11, 151
List the prime factors of 35986.
2, 19, 947
List the prime factors of 1142.
2, 571
What are the prime factors of 2520?
2, 3, 5, 7
List the prime factors of 68798.
2, 41, 839
What are the prime factors of 41080?
2, 5, 13, 79
What are the prime factors of 148181?
11, 19, 709
List the prime factors of 2155.
5, 431
List the prime factors of 6595.
5, 1319
What are the prime factors of 9389?
41, 229
List the prime factors of 74800.
2, 5, 11, 17
List the prime factors of 57150.
2, 3, 5, 127
What are the prime factors of 54552?
2, 3, 2273
What are the prime factors of 91276?
2, 19, 1201
List the prime factors of 532.
2, 7, 19
List the prime factors of 5478.
2, 3, 11, 83
What are the prime factors of 819?
3, 7, 13
List the prime factors of 820.
2, 5, 41
What are the prime factors of 17922?
2, 3, 29, 103
List the prime factors of 10360.
2, 5, 7, 37
List the prime factors of 917.
7, 131
List the prime factors of 632.
2, 79
List the prime factors of 2142.
2, 3, 7, 17
What are the prime factors of 9006?
2, 3, 19, 79
List the prime factors of 11589.
3, 3863
What are the prime factors of 15192?
2, 3, 211
What are the prime factors of 11342?
2, 53, 107
List the prime factors of 6329.
6329
What are the prime factors of 839?
839
What are the prime factors of 6462?
2, 3, 359
What are the prime factors of 8787?
3, 29, 101
List the prime factors of 5026.
2, 7, 359
What are the prime factors of 39677?
11, 3607
What are the prime factors of 1972?
2, 17, 29
What are the prime factors of 1136?
2, 71
What are the prime factors of 23020?
2, 5, 1151
List the prime factors of 36086.
2, 18043
What are the prime factors of 24795?
3, 5, 19, 29
What are the prime factors of 10301?
10301
List the prime factors of 7968.
2, 3, 83
List the prime factors of 18488.
2, 2311
What are the prime factors of 18937?
29, 653
List the prime factors of 12396.
2, 3, 1033
What are the prime factors of 12251?
12251
List the prime factors of 1618.
2, 809
What are the prime factors of 90636?
2, 3, 7, 13, 83
List the prime factors of 6036.
2, 3, 503
List the prime factors of 763.
7, 109
What are the prime factors of 22546?
2, 11273
List the prime factors of 31300.
2, 5, 313
List the prime factors of 180.
2, 3, 5
List the prime factors of 4293.
3, 53
What are the prime factors of 1083?
3, 19
List the prime factors of 3129.
3, 7, 149
What are the prime factors of 1269?
3, 47
List the prime factors of 2684.
2, 11, 61
What are the prime factors of 151?
151
What are the prime factors of 5601?
3, 1867
What are the prime factors of 308?
2, 7, 11
List the prime factors of 17988.
2, 3, 1499
List the prime factors of 76681.
11, 6971
List the prime factors of 11049.
3, 29, 127
List the prime facto